{"id":863,"date":"2025-08-21T07:52:16","date_gmt":"2025-08-21T07:52:16","guid":{"rendered":"https:\/\/www.smbfortuna.com\/?page_id=863"},"modified":"2025-08-21T17:33:29","modified_gmt":"2025-08-21T17:33:29","slug":"protocolos-prae","status":"publish","type":"page","link":"https:\/\/www.smbfortuna.com\/index.php\/protocolos-prae\/","title":{"rendered":"Protocolos PRAE"},"content":{"rendered":"\n<figure class=\"wp-block-table\"><table class=\"has-fixed-layout\"><tbody><tr><td><strong><a href=\"https:\/\/www.carm.es\/web\/pagina?IDCONTENIDO=46256&amp;IDTIPO=100&amp;RASTRO=c148$m23581\">Programa regional de prevenci\u00f3n, seguimiento y control del absentismo escolar y reducci\u00f3n del abandono escolar.<\/a> <a href=\"https:\/\/www.carm.es\/web\/pagina?IDCONTENIDO=46256&amp;IDTIPO=100&amp;RASTRO=c148$m23581\">Aplicaci\u00f3n y gesti\u00f3n del programa PRAE.<\/a><\/strong><\/td><\/tr><tr><td><a href=\"DOCUMENTOS%20PARA%20LA%20WEB\/PROTOCOLOS%20PRAE\/01-ANEXOI.doc\"><\/a><strong><a href=\"https:\/\/www.smbfortuna.com\/PGA\/PROTOCOLOS PRAE\/01-ANEXOI.doc\">Anexo I. Criterios para la justificaci\u00f3n de las faltas de asistencia<\/a><br><a href=\"https:\/\/www.smbfortuna.com\/PGA\/PROTOCOLOS PRAE\/02-ANEXOII.doc\">Anexo II. Registro mensual de asistencia del grupo.clase<\/a><br><a href=\"https:\/\/www.smbfortuna.com\/PGA\/PROTOCOLOS PRAE\/03-ANEXOIII.doc\">Anexo III. Registro mensual de casos de absentismo.<\/a><br><a href=\"https:\/\/www.smbfortuna.com\/PGA\/PROTOCOLOS PRAE\/04-ANEXOIV.doc\">Anexo IV. Citaci\u00f3n escrita de la tutor\u00eda.<\/a><br><a href=\"https:\/\/www.smbfortuna.com\/PGA\/PROTOCOLOS PRAE\/05-ANEXOV.doc\">Anexo V. Registro de acuerdos de entrevista.<\/a><br><a href=\"DOCUMENTOS%20PARA%20LA%20WEB\/PROTOCOLOS%20PRAE\/06-ANEXOVI.doc\">Anexo VI. <\/a><a href=\"https:\/\/www.smbfortuna.com\/PGA\/PROTOCOLOS PRAE\/06-ANEXOVI.doc\">Citaci\u00f3n <\/a><a href=\"DOCUMENTOS%20PARA%20LA%20WEB\/PROTOCOLOS%20PRAE\/06-ANEXOVI.doc\">escrita de la jefatura de estudios.<\/a><br><a href=\"https:\/\/www.smbfortuna.com\/PGA\/PROTOCOLOS PRAE\/07-ANEXOVII.doc\">Anexo VII. Expediente de absentismo escolar.<\/a><br><a href=\"https:\/\/www.smbfortuna.com\/PGA\/PROTOCOLOS PRAE\/08-ANEXOVIII.doc\">Anexo VIII. Informe t\u00e9cnico.<\/a><br><a href=\"https:\/\/www.smbfortuna.com\/PGA\/PROTOCOLOS PRAE\/09-ANEXOIX.doc\">Anexo IX. Demanda de intervenci\u00f3n a los servicios municipales.<\/a><br><a href=\"https:\/\/www.smbfortuna.com\/PGA\/PROTOCOLOS PRAE\/10-ANEXOX.doc\">Anexo X. Modelo de convenio de colaboraci\u00f3n entre la Consejer\u00eda de Educaci\u00f3n y los Ayuntamientos de la regi\u00f3n de Murcia.<\/a><br><a href=\"https:\/\/www.smbfortuna.com\/PGA\/PROTOCOLOS PRAE\/11-ANEXOXI.doc\">Anexo XI. Plan individual de intervenci\u00f3n socioeducativa.<\/a><br><a href=\"https:\/\/www.smbfortuna.com\/PGA\/PROTOCOLOS PRAE\/12-ANEXOXII.doc\">Anexo XII. Derivaci\u00f3n del expediente de absentismo desde el centro educativo a la Comisi\u00f3n Municipal de Absentismo y Abandono Escolar.<\/a><br><a href=\"https:\/\/www.smbfortuna.com\/PGA\/PROTOCOLOS PRAE\/13-ANEXOXIII.doc\">Anexo XIII. Derivaci\u00f3n del expediente de absentismo desde la\u00a0la Comisi\u00f3n Municipal de Absentismo y Abandono Escolar a la Consejer\u00eda de Educaci\u00f3n (Programa PRAE).<\/a><br><a href=\"https:\/\/www.smbfortuna.com\/PGA\/PROTOCOLOS PRAE\/14-ANEXOXIV.doc\">Anexo XIV. Comunicaci\u00f3n a los padres, madres o tutores legales de la Comisi\u00f3n Municipal de\u00a0Absentismo y Abandono Escolar<\/a><a href=\"DOCUMENTOS%20PARA%20LA%20WEB\/PROTOCOLOS%20PRAE\/14-ANEXOXIV.doc\">.<\/a><br><a href=\"https:\/\/www.smbfortuna.com\/PGA\/PROTOCOLOS PRAE\/15-ANEXOXV.doc\">Anexo XV. Representaci\u00f3n gr\u00e1fica del proceso de intervenci\u00f3n en casos de absentismo o de abandono escolar.<\/a><\/strong><\/td><\/tr><\/tbody><\/table><\/figure>\n","protected":false},"excerpt":{"rendered":"<p>Programa regional de prevenci\u00f3n, seguimiento y control del absentismo escolar y reducci\u00f3n del abandono escolar. Aplicaci\u00f3n y gesti\u00f3n del programa PRAE. Anexo I. Criterios para la justificaci\u00f3n de las faltas de asistenciaAnexo II. Registro mensual de asistencia del grupo.claseAnexo III. Registro mensual de casos de absentismo.Anexo IV. Citaci\u00f3n escrita de la tutor\u00eda.Anexo V. Registro de [&hellip;]<\/p>\n","protected":false},"author":2,"featured_media":0,"parent":0,"menu_order":0,"comment_status":"closed","ping_status":"closed","template":"","meta":{"footnotes":""},"class_list":["post-863","page","type-page","status-publish","hentry"],"yoast_head":"<!-- This site is optimized with the Yoast SEO plugin v27.5 - https:\/\/yoast.com\/product\/yoast-seo-wordpress\/ -->\n<title>Protocolos PRAE - IES Santa Mar\u00eda de los Ba\u00f1os<\/title>\n<meta name=\"robots\" content=\"index, follow, max-snippet:-1, max-image-preview:large, max-video-preview:-1\" \/>\n<link rel=\"canonical\" href=\"https:\/\/www.smbfortuna.com\/index.php\/protocolos-prae\/\" \/>\n<meta property=\"og:locale\" content=\"es_ES\" \/>\n<meta property=\"og:type\" content=\"article\" \/>\n<meta property=\"og:title\" content=\"Protocolos PRAE - IES Santa Mar\u00eda de los Ba\u00f1os\" \/>\n<meta property=\"og:description\" content=\"Programa regional de prevenci\u00f3n, seguimiento y control del absentismo escolar y reducci\u00f3n del abandono escolar. Aplicaci\u00f3n y gesti\u00f3n del programa PRAE. Anexo I. Criterios para la justificaci\u00f3n de las faltas de asistenciaAnexo II. Registro mensual de asistencia del grupo.claseAnexo III. Registro mensual de casos de absentismo.Anexo IV. Citaci\u00f3n escrita de la tutor\u00eda.Anexo V. Registro de [&hellip;]\" \/>\n<meta property=\"og:url\" content=\"https:\/\/www.smbfortuna.com\/index.php\/protocolos-prae\/\" \/>\n<meta property=\"og:site_name\" content=\"IES Santa Mar\u00eda de los Ba\u00f1os\" \/>\n<meta property=\"article:modified_time\" content=\"2025-08-21T17:33:29+00:00\" \/>\n<meta name=\"twitter:card\" content=\"summary_large_image\" \/>\n<meta name=\"twitter:label1\" content=\"Tiempo de lectura\" \/>\n\t<meta name=\"twitter:data1\" content=\"1 minuto\" \/>\n<script type=\"application\/ld+json\" class=\"yoast-schema-graph\">{\"@context\":\"https:\\\/\\\/schema.org\",\"@graph\":[{\"@type\":\"WebPage\",\"@id\":\"https:\\\/\\\/www.smbfortuna.com\\\/index.php\\\/protocolos-prae\\\/\",\"url\":\"https:\\\/\\\/www.smbfortuna.com\\\/index.php\\\/protocolos-prae\\\/\",\"name\":\"Protocolos PRAE - IES Santa Mar\u00eda de los Ba\u00f1os\",\"isPartOf\":{\"@id\":\"https:\\\/\\\/www.smbfortuna.com\\\/#website\"},\"datePublished\":\"2025-08-21T07:52:16+00:00\",\"dateModified\":\"2025-08-21T17:33:29+00:00\",\"breadcrumb\":{\"@id\":\"https:\\\/\\\/www.smbfortuna.com\\\/index.php\\\/protocolos-prae\\\/#breadcrumb\"},\"inLanguage\":\"es\",\"potentialAction\":[{\"@type\":\"ReadAction\",\"target\":[\"https:\\\/\\\/www.smbfortuna.com\\\/index.php\\\/protocolos-prae\\\/\"]}]},{\"@type\":\"BreadcrumbList\",\"@id\":\"https:\\\/\\\/www.smbfortuna.com\\\/index.php\\\/protocolos-prae\\\/#breadcrumb\",\"itemListElement\":[{\"@type\":\"ListItem\",\"position\":1,\"name\":\"Portada\",\"item\":\"https:\\\/\\\/www.smbfortuna.com\\\/\"},{\"@type\":\"ListItem\",\"position\":2,\"name\":\"Protocolos PRAE\"}]},{\"@type\":\"WebSite\",\"@id\":\"https:\\\/\\\/www.smbfortuna.com\\\/#website\",\"url\":\"https:\\\/\\\/www.smbfortuna.com\\\/\",\"name\":\"IES Santa Mar\u00eda de los Ba\u00f1os\",\"description\":\"\",\"publisher\":{\"@id\":\"https:\\\/\\\/www.smbfortuna.com\\\/#organization\"},\"potentialAction\":[{\"@type\":\"SearchAction\",\"target\":{\"@type\":\"EntryPoint\",\"urlTemplate\":\"https:\\\/\\\/www.smbfortuna.com\\\/?s={search_term_string}\"},\"query-input\":{\"@type\":\"PropertyValueSpecification\",\"valueRequired\":true,\"valueName\":\"search_term_string\"}}],\"inLanguage\":\"es\"},{\"@type\":\"Organization\",\"@id\":\"https:\\\/\\\/www.smbfortuna.com\\\/#organization\",\"name\":\"IES Santa Mar\u00eda de los Ba\u00f1os\",\"url\":\"https:\\\/\\\/www.smbfortuna.com\\\/\",\"logo\":{\"@type\":\"ImageObject\",\"inLanguage\":\"es\",\"@id\":\"https:\\\/\\\/www.smbfortuna.com\\\/#\\\/schema\\\/logo\\\/image\\\/\",\"url\":\"https:\\\/\\\/www.smbfortuna.com\\\/wp-content\\\/uploads\\\/2024\\\/08\\\/cropped-logo-fortuna.jpg\",\"contentUrl\":\"https:\\\/\\\/www.smbfortuna.com\\\/wp-content\\\/uploads\\\/2024\\\/08\\\/cropped-logo-fortuna.jpg\",\"width\":250,\"height\":250,\"caption\":\"IES Santa Mar\u00eda de los Ba\u00f1os\"},\"image\":{\"@id\":\"https:\\\/\\\/www.smbfortuna.com\\\/#\\\/schema\\\/logo\\\/image\\\/\"}}]}<\/script>\n<!-- \/ Yoast SEO plugin. -->","yoast_head_json":{"title":"Protocolos PRAE - IES Santa Mar\u00eda de los Ba\u00f1os","robots":{"index":"index","follow":"follow","max-snippet":"max-snippet:-1","max-image-preview":"max-image-preview:large","max-video-preview":"max-video-preview:-1"},"canonical":"https:\/\/www.smbfortuna.com\/index.php\/protocolos-prae\/","og_locale":"es_ES","og_type":"article","og_title":"Protocolos PRAE - IES Santa Mar\u00eda de los Ba\u00f1os","og_description":"Programa regional de prevenci\u00f3n, seguimiento y control del absentismo escolar y reducci\u00f3n del abandono escolar. Aplicaci\u00f3n y gesti\u00f3n del programa PRAE. Anexo I. Criterios para la justificaci\u00f3n de las faltas de asistenciaAnexo II. Registro mensual de asistencia del grupo.claseAnexo III. Registro mensual de casos de absentismo.Anexo IV. Citaci\u00f3n escrita de la tutor\u00eda.Anexo V. Registro de [&hellip;]","og_url":"https:\/\/www.smbfortuna.com\/index.php\/protocolos-prae\/","og_site_name":"IES Santa Mar\u00eda de los Ba\u00f1os","article_modified_time":"2025-08-21T17:33:29+00:00","twitter_card":"summary_large_image","twitter_misc":{"Tiempo de lectura":"1 minuto"},"schema":{"@context":"https:\/\/schema.org","@graph":[{"@type":"WebPage","@id":"https:\/\/www.smbfortuna.com\/index.php\/protocolos-prae\/","url":"https:\/\/www.smbfortuna.com\/index.php\/protocolos-prae\/","name":"Protocolos PRAE - IES Santa Mar\u00eda de los Ba\u00f1os","isPartOf":{"@id":"https:\/\/www.smbfortuna.com\/#website"},"datePublished":"2025-08-21T07:52:16+00:00","dateModified":"2025-08-21T17:33:29+00:00","breadcrumb":{"@id":"https:\/\/www.smbfortuna.com\/index.php\/protocolos-prae\/#breadcrumb"},"inLanguage":"es","potentialAction":[{"@type":"ReadAction","target":["https:\/\/www.smbfortuna.com\/index.php\/protocolos-prae\/"]}]},{"@type":"BreadcrumbList","@id":"https:\/\/www.smbfortuna.com\/index.php\/protocolos-prae\/#breadcrumb","itemListElement":[{"@type":"ListItem","position":1,"name":"Portada","item":"https:\/\/www.smbfortuna.com\/"},{"@type":"ListItem","position":2,"name":"Protocolos PRAE"}]},{"@type":"WebSite","@id":"https:\/\/www.smbfortuna.com\/#website","url":"https:\/\/www.smbfortuna.com\/","name":"IES Santa Mar\u00eda de los Ba\u00f1os","description":"","publisher":{"@id":"https:\/\/www.smbfortuna.com\/#organization"},"potentialAction":[{"@type":"SearchAction","target":{"@type":"EntryPoint","urlTemplate":"https:\/\/www.smbfortuna.com\/?s={search_term_string}"},"query-input":{"@type":"PropertyValueSpecification","valueRequired":true,"valueName":"search_term_string"}}],"inLanguage":"es"},{"@type":"Organization","@id":"https:\/\/www.smbfortuna.com\/#organization","name":"IES Santa Mar\u00eda de los Ba\u00f1os","url":"https:\/\/www.smbfortuna.com\/","logo":{"@type":"ImageObject","inLanguage":"es","@id":"https:\/\/www.smbfortuna.com\/#\/schema\/logo\/image\/","url":"https:\/\/www.smbfortuna.com\/wp-content\/uploads\/2024\/08\/cropped-logo-fortuna.jpg","contentUrl":"https:\/\/www.smbfortuna.com\/wp-content\/uploads\/2024\/08\/cropped-logo-fortuna.jpg","width":250,"height":250,"caption":"IES Santa Mar\u00eda de los Ba\u00f1os"},"image":{"@id":"https:\/\/www.smbfortuna.com\/#\/schema\/logo\/image\/"}}]}},"_links":{"self":[{"href":"https:\/\/www.smbfortuna.com\/index.php\/wp-json\/wp\/v2\/pages\/863","targetHints":{"allow":["GET"]}}],"collection":[{"href":"https:\/\/www.smbfortuna.com\/index.php\/wp-json\/wp\/v2\/pages"}],"about":[{"href":"https:\/\/www.smbfortuna.com\/index.php\/wp-json\/wp\/v2\/types\/page"}],"author":[{"embeddable":true,"href":"https:\/\/www.smbfortuna.com\/index.php\/wp-json\/wp\/v2\/users\/2"}],"replies":[{"embeddable":true,"href":"https:\/\/www.smbfortuna.com\/index.php\/wp-json\/wp\/v2\/comments?post=863"}],"version-history":[{"count":6,"href":"https:\/\/www.smbfortuna.com\/index.php\/wp-json\/wp\/v2\/pages\/863\/revisions"}],"predecessor-version":[{"id":873,"href":"https:\/\/www.smbfortuna.com\/index.php\/wp-json\/wp\/v2\/pages\/863\/revisions\/873"}],"wp:attachment":[{"href":"https:\/\/www.smbfortuna.com\/index.php\/wp-json\/wp\/v2\/media?parent=863"}],"curies":[{"name":"wp","href":"https:\/\/api.w.org\/{rel}","templated":true}]}}